5*m**2 - 4*m**2 + n*m**3 - 4*m**3. What is l(j)?
0
Let c(j) = -j**2 + 5*j - 3. Let f be -1 - 7/(2/(-2)). Suppose -3*k - 9 = -f*k. Let a = 0 + k. Calculate c(a).
3
Suppose 2*w - 4*p + 2 = 0, 3*w - 4*p + 4 = 1. Let c(g) be the first derivative of -5*g**4/4 + g**3/3 - g**2/2 - g - 13. Give c(w).
6
Let f(y) = y - 3. Let p = -106 + 108. Give f(p).
-1
Suppose 2*f - 22 = -8. Let o = -9 + f. Let q(x) = x**3 - 2. Give q(o).
-10
Let z(c) = 4*c - 6. Let h(w) = w**3 + 2*w + 3. Let v be h(0). Suppose v*p - 11 = 1. Give z(p).
10
Suppose 2*s = 5*q + 3, 3*s - 9 = s - q. Suppose 4*p - x - 5 = 13, -8 = s*x. Let g(z) = z**2 - 2*z - 4. Determine g(p).
4
Let o(x) = -18*x**3 + 3*x**3 + 6*x - 3 + 8*x**3 + 8*x**3 - 5*x**2. Let v = 9 + -5. Calculate o(v).
5
Let r(a) be the first derivative of a**4/2 + a**3 + a**2/2 - a - 1. Let d = 5 - -2. Suppose -17 = 5*g - d. Give r(g).
-7
Let d be 40/(-15)*3/(-2). Let t(y) = y**2 - 2*y + 1. Let z be t(1). Let v(q) = z*q - q**2 + q + q - 4 + q. Give v(d).
-8
Let j(d) = -7 + 12 - 6. Let g(a) = 4*a + 6. Let h(l) = g(l) + 4*j(l). Calculate h(-2).
-6
Let o(y) = -1 - 3*y - 2*y + 4*y. Let d(x) = x**3 + 8*x**2 - 7*x + 14. Let u be d(-9). Determine o(u).
3
Let u(o) = 2*o - 6. Suppose 5*p - v = 23, 0 = -2*p + 4*p + 3*v + 1. Determine u(p).
2
Let a(w) = 1. Let v(k) = k**2 + 5*k + 1. Let h(f) = 3*a(f) + v(f). Suppose s + 3 = -2*b, -2*b + 17 = 4*s + s. What is h(b)?
0
Let n be (-3 - (-36)/20)*-5. Let i(u) = -u**2 + 7*u - 4. Determine i(n).
2
Suppose 5*f + 4 - 9 = 0. Suppose -3*n + 5*n - 2*j = 14, -3*n + 5*j + 29 = 0. Let m(z) = z + 7*z - n*z - f. Give m(1).
4
Let k(m) = -7*m**3 + m**2 + m + 13. Let l(r) = 3*r**3 - r**2 - r - 6. Let j(f) = 4*k(f) + 9*l(f). Let u be ((-3)/6)/(2/16). What is j(u)?
2
Let a(i) = -i**2 - 6*i + 4. Let k(w) = -2*w**3 + 3*w**2 - w. Let x be k(2). What is a(x)?
4
Let k = -13 - -21. Suppose 2*l - k = -4. Let b(g) = -2*g + 2. Determine b(l).
-2
Let c(x) = x**2 + x + 2. Suppose -3*y = 4*r - 27, 3*y + 3*r = -0*r + 24. Suppose 0 = -y*o + a - 1 + 3, -o = 5*a + 10. Determine c(o).
2
Let i(v) = 1 - 6*v - 2 + 3 + 5*v. Suppose 4*b - 12 = -4. Let t be (-9)/6 - b/4. What is i(t)?
4
Let l(z) = 0 + 2 - z - z. Let q be (-30)/20*(-4)/3. Suppose -3 = 2*n + 5*f, -q*n - 3 - 1 = 4*f. Calculate l(n).
10
Suppose 15 = 3*w + 6. Suppose w - 1 = o. Let p(d) be the second derivative of -d**5/20 + d**4/6 - d**3/3 + d**2/2 + d. Give p(o).
-3
Suppose 3*j + 0*j = 9. Suppose -j*n = n. Let p(g) be the third derivative of -g**6/120 + g**5/60 - g**3/3 - g**2 - 46. What is p(n)?
-2
Suppose m + 7 = -2*t, -3*t + 5*m = -7*t - 11. Let j(d) be the second derivative of d**5/20 + d**4/4 - d**3/3 + 2*d**2 + 10*d. Give j(t).
-4
Let v(x) = 2*x + 53. Let l be v(-26). Let g(d) = 20*d - 1. Give g(l).
19
Let c(s) be the first derivative of s**4/4 - s**2 + s - 3. Suppose 2 = -3*b - 7. Let v = b + 1. What is c(v)?
-3
Let p(k) be the first derivative of k**2 + 3*k + 27. Determine p(9).
21
Let y(n) = n**3 - 6*n**2 + 4*n - 3. Let l = -111 - -117. What is y(l)?
21
Let v(d) be the second derivative of 1/6*d**4 + 1/6*d**3 + 3*d - 1/120*d**5 + 0 + 0*d**2. Let k(x) be the second derivative of v(x). Give k(5).
-1
Suppose -4*s = -14 - 2. Suppose z + s = 3*z. Let h(w) = -w + w**2 + 6 - 7*w**z + 16*w**3 - 15*w**3. Calculate h(6).
0
Suppose m = -m - 2. Let o be m*(0 - -1)*-4. Suppose 0*r = -o*r + 4. Let q(x) = -8*x**3 + 2*x**2 - 2*x + 1. Determine q(r).
-7
Let m(t) = 4*t**2 + 1. Suppose -10 = -2*p + 2*o, 5 = -p + 4*o + 19. Calculate m(p).
17
Let s = -79 + 75. Let c(j) = -2*j - 2. Determine c(s).
6
Suppose 2*a = 4*d + 4, -a - 6 = 5*d - 1. Let t(p) = 4*p**3 - p**2. Calculate t(d).
-5
Let p be 9/(-15)*(-30)/9. Let t(q) = -2*q**3 + 3*q**2 + 3*q + 4. Let o(i) = -i**3 + 2*i**2 + 2*i + 3. Let b(h) = 3*o(h) - 2*t(h). Calculate b(p).
9
Let m(o) be the third derivative of -o**4/4 - o**3/2 + o**2 - 14*o. Give m(-2).
9
Let a(t) be the third derivative of t**5/60 - t**3/3 + 2*t**2. Suppose 5*u - 3*m - 5 = 2*m, 2*u + 3*m + 13 = 0. What is a(u)?
2
Suppose 0 = -m + 1 + 3. Suppose 19 = m*c + 7. Let j(i) = -i**2 + 3*i + 6 - i + c*i. Give j(5).
6
Let k(h) = h + 5. Let u be (-4 - -2)*(2 - 3). Suppose u*n = 6*n - 24. Let y = -10 + n. Calculate k(y).
1
Let q(v) = -v**2 - v - 4. Suppose 5 = -5*l - 0. Suppose -3*x + 3 = -0. Let c = x + l. Give q(c).
-4
Let r(f) = f**2 - 5*f + 2. Suppose -3*u + 6*u - 5*n - 4 = 0, -4*u = 2*n - 14. Let v = u - 9. Let z be (1 + v/(-9))*3. Determine r(z).
2
Let j(b) = -16*b + 6. Let i(p) = -5*p + 2. Let h(l) = 7*i(l) - 2*j(l). What is h(-5)?
17
Let v(q) = q**3 + 4*q**2 + 2*q - 1. Let w(d) = d - 3. Let f be w(0). Let t be v(f). Let k(m) = m - 11*m**3 - 2*m**t + 5*m**2 - 2*m**2 - 1. Give k(1).
-10
Let c(s) = s**3 - 4*s**2 - 8*s + 7. Let y be (-5)/2*(-5 - -3). Determine c(y).
-8
Suppose 0 = -3*a + 5*o - 14 + 33, -3*o = 3*a - 3. Let j(n) = -2*n**2 + 4*n + 1. Give j(a).
-5
Let k(l) = -4*l**2 + 15*l + 8. Let w(u) = -5*u**2 + 16*u + 9. Let b(h) = -7*k(h) + 6*w(h). Determine b(-6).
-20
Let t = 6 + -2. Suppose 3*q = 3*d, t*d - 5*q - 1 = 3. Let b(s) = -s**3 - 4*s**2 + 2*s - 1. What is b(d)?
-9
Let c(m) = m. Suppose -6 = 2*k - 0*k. Let x be k/6 - 2/(-4). Suppose -5*q = 15, i + 0*q - 2*q - 12 = x. Give c(i).
6
Let l(q) = -q. Let h(p) = 8*p + 1. Let x be 4/6*6/4. Let d(n) = x*h(n) + 4*l(n). Calculate d(-1).
-3
Let p be 16/10 - 4/(-10). Suppose -b + p = -1. Suppose 0 = b*q - 4*q. Let i(r) = r + 2. Calculate i(q).
2
Let h(x) = 6*x - 3*x - 6*x - 1. Let u(t) = 3*t + 23. Let a be u(-8). What is h(a)?
2
Let n(s) = s**3 + 2*s**2 + 3*s + 2. Let o(v) = -v**3 + 3*v**2 - 2. Let y = 19 - 16. Let r be o(y). Determine n(r).
-4
Let d(o) = 4*o**3 + 2*o**2 + 7*o - 3*o**3 - 9*o**2 - 3. Determine d(5).
-18
Let w(y) be the first derivative of y**3/3 + 2*y**2 + 3*y - 2. Suppose c + 3 = 8. Suppose c*m = -3 - 17. Calculate w(m).
3
Let x(w) = w + 2*w**2 + 3*w**2 - 4*w**2 - 3. Let i be x(-3). Let z(d) = -2*d - 2. Let s(b) = 2*b + 2. Let f(y) = i*z(y) + 2*s(y). Calculate f(-4).
6
Let m(b) = -b**3 + 3*b - 3. Let n be m(2). Let p(a) be the second derivative of 2/3*a**3 + 0 + 2*a + 1/12*a**4 - 5/2*a**2. What is p(n)?
0
Let l(h) = h + 8. Let a be l(-6). Suppose 1 = 3*t - 2*r + 3*r, a*r = -t - 8. Let d(o) = -30 - o + 27 - o**2 + 3*o. What is d(t)?
-3
Let p(l) = -l**3 - l**2 - l + 1. Let x be p(0). Let s(b) = 5*b - 4*b + 0 + x - 4. Let f(u) = 2*u + 2. Let i be f(-3). What is s(i)?
-7
Let b(v) = -23*v - 2. Let j(k) = -8*k - 1. Let x(w) = 6*b(w) - 17*j(w). Calculate x(6).
-7
Let h(w) be the first derivative of -w**4/4 + 2*w**3 - 3*w**2 - 2. Determine h(4).
8
Let k(i) be the second derivative of -i + 0 - 1/12*i**4 - 5/2*i**2 + 1/20*i**5 - 1/6*i**3. Calculate k(0).
-5
Let g(i) = -i**3 + 2*i. Let h be (-24)/18*(-9)/6. Give g(h).
-4
Let c(z) = -z**3 - 7*z**2 - 5*z + 3. Let a = 18 + -23. Calculate c(a).
-22
Let i = 4 - 3. Let d(p) be the second derivative of 7*p**3/6 + p**2/2 + p. Calculate d(i).
8
Let x be (-2)/4 - 22/(-4) - -3. Let d(l) = l**2 - 9*l + 7. What is d(x)?
-1
Let w(v) = 3*v + 18. Let t(z) = 2*z + 10. Let b(p) = 5*t(p) - 3*w(p). What is b(5)?
1
Let d(y) be the first derivative of y**5/20 + y**4/2 - 7*y**2/2 + y + 3. Let b(k) be the first derivative of d(k). Give b(-6).
-7
Let a(j) = 0*j**2 - 13*j + j**2 + 21*j + 10. Calculate a(-7).
3
Let a(r) be the first derivative of -r**4/4 - r**3/3 + 3*r**2/2 + r + 10. Give a(-2).
-1
Let z(p) = -p - 2. Let s be z(4). Let f(b) = -b + 3. Give f(s).
9
Let y(v) be the third derivative of -v**5/60 - v**4/12 + 7*v**3/6 + v**2. Suppose 0*q + 5*q = -25. Determine y(q).
-8
Let g(c) be the first derivative of -c**3/3 + 4*c - 3. Let d be 2/(-2)*-1 + 1. Suppose -n - 1 - d = 0. Determine g(n).
-5
Let a be (-2 - -5) + -3 + 0. Suppose m = -a*m. Let x(t) = -t**3 - t**2 - 2. Give x(m).
-2
Let o(u) = u**2 - 1. Let j = 1 + 2. Suppose j*z = 11 + 1. Suppose -2*m - 4*h = -0*h + 10, 7 = -3*m - z*h. Determine o(m).
8
Let w(x) = 2*x**2 - 2*x - 1. Suppose -3*c + 7*c + 12 = -2*q, -16 = -4*c + 5*q. Determine w(c).
3
Let v(z) = 3*z + 3. Suppose 2 = -l + 3, 0 = -d + 4*l. What is v(d)?
15
Let j(x) = -x**3 + 3*x**2 + x - 4. Let k = -4 - -8. Suppose -2*r + 32 = 5*m, -5*m = k*r - 2*m - 36. Suppose -l + r*l = 15. What is j(l)?
-1
Let x(a) = -4*a**2 - 2*a + 1. Let p(r) = r**2 + r + 1. Let j be p(-1). Let n be